 + 4*a - 49. Let m be t(-7). Suppose 4*q - 56 = -3*h, -25*h + 27 = q - m*h. What is the remainder when 89 is divided by q?
1
Suppose -74 = 4*b - 30. Let d = b - -15. Suppose -m + 4*o = -15, -2*m + 5*m = d*o + 21. What is the remainder when m is divided by 1?
0
Let d = -4945 - -5032. Calculate the remainder when 602 is divided by d.
80
Suppose 4*s - 6 = -4*l - 18, 0 = 3*l + 5*s + 17. Suppose -p + 0*p = -l, 2*p = -a + 157. What is the remainder when a is divided by 18?
11
Let d(v) = 2*v**2 - 4*v + 47. Calculate the remainder when d(9) is divided by 52.
17
Let h = 1042 + -2362. What is the remainder when 5 + h/(-18)*48/20 is divided by 92?
89
Let i = -10018 - -10119. Calculate the remainder when i is divided by 46.
9
Suppose -14124 = -338*x + 4466. Calculate the remainder when 3350 is divided by x.
50
Let o be (51/6)/(3/54*3). Suppose -c = n - o, 4*n + 3*c - 255 = -n. Suppose 3*t - 102 = n. What is the remainder when t is divided by 27?
24
Let r(t) = 320*t + 2 - t**2 + 1 - 318*t - t**3. Let n be r(-3). Let o = 6 + n. What is the remainder when 80 is divided by o?
17
Let y = -72 - -96. Suppose 630 = -23*c + 38*c. Calculate the remainder when c is divided by y.
18
Let q = 129 - 92. Let h be (-5)/((-1)/(-2)*1). Let t = q + h. Calculate the remainder when 132 is divided by t.
24
Let f = -23274 + 23373. Let a = 16 + 1. Calculate the remainder when f is divided by a.
14
Suppose -12*k + 2087 + 4573 = 0. Suppose 0 = -559*h + k*h + 296. Calculate the remainder when 590 is divided by h.
72
Let q = 32 + -19. Suppose q*x - 10*x - 9 = 0. Suppose -4 = m, -5*y + x*m - 18 + 145 = 0. Calculate the remainder when 67 is divided by y.
21
Let b(h) = 22*h + 28*h - 58 + 3 - 31*h. What is the remainder when 77 is divided by b(5)?
37
Let y(m) = -3*m + 115. Let z = 326 + -320. Calculate the remainder when y(z) is divided by 11.
9
Let x = 1406 + -1336. Suppose 10 = 8*w - 6. Calculate the remainder when x is divided by w.
0
Let g(u) = -3 - 2 - 1 + 0 - 8*u + u**2 + 3*u. Calculate the remainder when 109 is divided by g(9).
19
Let i(u) = -337*u**2 - 3*u + 679*u**2 + 55 - 340*u**2. Calculate the remainder when i(-9) is divided by 35.
34
Let f(a) = -a**3 + 28*a**2 - 43*a + 10. Let m be f(12). Let w = m - 839. Calculate the remainder when w is divided by 60.
59
Suppose 2*o - 3*d - 12 = 0, 6*d - 7*d = -3*o + 11. What is the remainder when 174 is divided by ((-51)/(-2) - o) + (-5)/10?
20
Calculate the remainder when (-6*(-20)/30)/(2 - 4) - -2385 is divided by 11.
7
Let i(d) = d**3 - 2*d**2 + 1934. Calculate the remainder when i(0) is divided by 88.
86
Let g = -401 + 632. Let j = g - 189. What is the remainder when 587 is divided by j?
41
Suppose 0 = -n + 24. Let z be 15/45 + (-2788)/(-6). Suppose -3*x + 4*v = -178, -5*v + z = 5*x + 110. Calculate the remainder when x is divided by n.
18
Let u = -3295 + 3687. What is the remainder when u is divided by 288?
104
Let x be 4/(-3)*-2*1350/600. Let i(n) = 8*n - 34. Calculate the remainder when 319 is divided by i(x).
11
Suppose 13113 - 47149 = -47*o + 84921. What is the remainder when o is divided by 843?
2
Suppose -2*z - p = -52, 428*z = 423*z - 2*p + 132. Calculate the remainder when 156 is divided by z.
16
Let r(f) be the first derivative of -f**4/4 - 7*f**3/3 + f**2 + 3*f - 20. Let i be r(3). Let n = i + 154. What is the remainder when n is divided by 25?
23
Let h = -53691 + 53818. Let u(z) = 8*z**2 + 1. What is the remainder when h is divided by u(-2)?
28
Let h(l) = -l**3 + 69*l**2 + 171*l - 86. Calculate the remainder when h(71) is divided by 12.
5
Let w(j) = -5*j**3 + 38*j**2 + 20*j - 20. Calculate the remainder when 34 is divided by w(8).
10
Let u(z) = 3*z**2 + 46*z - 67. Suppose 743*x = 747*x + 68. What is the remainder when 29 is divided by u(x)?
11
Let m = -1477 + 2176. Suppose 189 = -6*l + m. Let t = 124 - l. Calculate the remainder when 116 is divided by t.
38
Suppose 0 = -d + 4*h + 106, -13*d + 105 = -12*d - 5*h. Let m(f) = 4*f**2 + 14*f + 2. What is the remainder when d is divided by m(-5)?
14
Suppose y = 156*v - 152*v - 182, -6 = y. What is the remainder when 1320 is divided by v?
0
Suppose -2486*c - 3*y + 157 = -2485*c, -698 = -4*c + 2*y. Calculate the remainder when c is divided by 58.
56
Let g = 7944 - 7903. What is the remainder when 201 is divided by g?
37
Suppose -3*k + 21 = -3*w, -10 = 5*w - 0*w. Suppose -8 = 3*h + k*h. Calculate the remainder when 37 is divided by 7*(-12)/(-8) - h/(-2).
7
Let q(h) = -14*h**2 + 2*h**3 - 14 - 3*h**3 + 176*h - 97*h - 101*h. What is the remainder when q(-13) is divided by 15?
13
Let c = 72 + -42. Suppose c = 30*t - 25*t. What is the remainder when 15 is divided by t?
3
Suppose 2 = -2*v, 3*i - 2 - 11 = 4*v. Suppose -37*m + 41*m = 32. Suppose -i*u - 30 = -m*u. Calculate the remainder when 11 is divided by u.
5
Let p = 67 - 64. Suppose -5*z = -2*q - 8, -p*z = -q + 2 - 7. Suppose -84 = -6*i + z*i + 4*s, 0 = -4*s + 12. What is the remainder when i is divided by 7?
3
Let d(m) = 9*m - 8. Suppose 0 = -s - 9*s + 1170. Let r = s - 112. Calculate the remainder when d(r) is divided by 8.
5
Let k(s) = -7*s - 4*s + 48 - 18 - 5*s. Calculate the remainder when k(-9) is divided by 90.
84
Suppose -234*r - 106352 = -911858 - 335010. What is the remainder when r is divided by 17?
12
Suppose 415 - 2761 + 17962 = 61*j. Calculate the remainder when j is divided by 172.
84
Suppose 3*i + 17 = 5*c - 570, -20 = 5*i. Suppose 3*z - 715 = 1391. Suppose 17*y - z = -y. Calculate the remainder when c is divided by y.
37
Let y(p) = 14*p - 92. Let s be y(7). Suppose s*r + 140 = 16*r. What is the remainder when 80 is divided by r?
10
Suppose u = -2*h + 18, -5*u + 65 = -5*h - 55. Let y(p) = -p**3 + 18*p**2 + 38*p + 45. What is the remainder when u is divided by y(20)?
2
Let p = 5739 + -3531. Suppose 0 = -i + 9*i - p. What is the remainder when i is divided by 73?
57
Suppose -133 = -k - 1289. Let c = k - -735. Let y = -228 - c. What is the remainder when y is divided by 39?
37
Let w(t) = -t**2 - 2*t - 1. Let z be w(-1). Suppose 0 = -2*x + 2*b + 60, z*x = 2*x + 5*b - 67. Let h = x + -23. What is the remainder when h is divided by 3?
2
Let s(n) = 13*n**2 - 7*n + 24. Let h be s(5). Let v = -192 + h. What is the remainder when v is divided by 25?
22
Suppose 5*o = -4*b - 1774, -1358 = 5*o + 5*b + 412. Let l = -339 - o. Calculate the remainder when 359 is divided by l.
17
Suppose 2*h = -2*h - 24. Let m be 2/(-2)*(h + 1). Suppose 7*c - m*c = 106. Calculate the remainder when c is divided by 11.
9
Suppose 0*g - 3*g + 4*m = -58, 88 = 3*g + 2*m. Suppose 55*o + 1243 = 205*o - 857. Calculate the remainder when g is divided by o.
12
Let c(w) = -21*w + 2. Calculate the remainder when (83 - 16758/196)*(-34 - 0/1) is divided by c(-2).
41
Let v = 1006 + -829. Let m(g) = g**2 + 7*g - 52. What is the remainder when v is divided by m(-14)?
39
Calculate the remainder when 605 is divided by (-9 + (-390)/(-45))*-483.
122
Let k(z) = -z**2 + 8*z + 43. Let y be k(13). Let a(o) = -7*o - 96. Calculate the remainder when a(y) is divided by 30.
28
Suppose 0 = -3870*h + 3945*h - 13275. Calculate the remainder when 246 is divided by h.
69
Suppose -2*x = -4*z - 392, 0 = -4*x + 1254*z - 1257*z + 784. Suppose 0 = -5*w + 82 + 28. What is the remainder when x is divided by w?
20
Suppose -r = x - 195, -5*x - 3*r + 98 + 879 = 0. Suppose -3*q = n - 33, -4*n + x = -2*q - 2*q. Calculate the remainder when n is divided by 33.
12
Let y(d) = 4*d**2 + 13*d + 55. Let q be y(-8). Let z = 215 - q. Let l(n) = -2*n - 1. What is the remainder when l(-7) is divided by z?
5
Let b = -448 + 223. Let f = 310 + b. Calculate the remainder when f is divided by 22.
19
Suppose 0 = -2*f - r + 37, 341 - 282 = 4*f + 5*r. Calculate the remainder when 35 + 6/(-2)*-1 is divided by f.
17
Let y = 1761 - 1665. Calculate the remainder when y is divided by 156/(-24)*2/(-1) + 1.
12
Let t(s) = 121*s - 717. Calculate the remainder when 283 is divided by t(7).
23
Let a(h) = 37*h + 1665. What is the remainder when 783 is divided by a(-41)?
43
Let z = 196 - 145. Suppose -z + 201 = 5*h. What is the remainder when 177 is divided by h?
27
Calculate the remainder when 36/(-81) + 21755/45 is divided by 156.
15
Let p(w) = 7*w**3 - 220*w**2 - 45*w + 63. What is the remainder when p(32) is divided by 40